me factors of 224942111.
224942111
What are the prime factors of 390592623?
3, 149, 199, 4391
List the prime factors of 1137594621.
3, 379198207
What are the prime factors of 486690754?
2, 11, 2539, 8713
List the prime factors of 89186138.
2, 367, 121507
What are the prime factors of 418901176?
2, 347, 150901
List the prime factors of 1513909505.
5, 179, 1691519
List the prime factors of 120025614.
2, 3, 31, 41, 15739
List the prime factors of 58494699.
3, 71, 91541
List the prime factors of 7720257.
3, 293, 8783
What are the prime factors of 3742298?
2, 7, 267307
List the prime factors of 93113955.
3, 5, 11, 6967
What are the prime factors of 1179212462?
2, 67, 1667, 5279
List the prime factors of 614770480.
2, 5, 97, 227, 349
List the prime factors of 17884989.
3, 662407
List the prime factors of 142054455.
3, 5, 9470297
What are the prime factors of 22950043?
19, 127, 9511
What are the prime factors of 367470963?
3, 17, 19, 83, 1523
List the prime factors of 85231331.
487, 175013
List the prime factors of 9655600.
2, 5, 101, 239
List the prime factors of 158017360.
2, 5, 23, 157, 547
What are the prime factors of 820546988?
2, 23, 8918989
List the prime factors of 38615997.
3, 7, 809, 2273
What are the prime factors of 1889728?
2, 29527
List the prime factors of 30714693.
3, 10238231
What are the prime factors of 82437003?
3, 11, 113, 7369
What are the prime factors of 122068109?
17, 59, 7159
List the prime factors of 661410412.
2, 13, 127, 100153
What are the prime factors of 3339942010?
2, 5, 23, 43, 14683
List the prime factors of 2588308800.
2, 3, 5, 7, 11, 47, 149
List the prime factors of 576051533.
383, 929, 1619
What are the prime factors of 179223783?
3, 2351, 25411
What are the prime factors of 31950563?
31950563
List the prime factors of 6979287641.
31, 11177, 20143
List the prime factors of 67311037.
73, 922069
What are the prime factors of 5757847?
31, 185737
What are the prime factors of 1053014333?
7, 19, 7917401
What are the prime factors of 13851142?
2, 6925571
List the prime factors of 694081856.
2, 13, 19, 23, 83
What are the prime factors of 906473234?
2, 151, 881, 3407
What are the prime factors of 288687375?
3, 5, 23, 3719
List the prime factors of 418988780.
2, 5, 7, 2992777
What are the prime factors of 321348911?
13, 53, 71, 6569
List the prime factors of 11317865.
5, 13, 174121
List the prime factors of 801271676.
2, 17, 11783407
List the prime factors of 69968625.
3, 5, 186583
List the prime factors of 41059384.
2, 491, 10453
List the prime factors of 49455684.
2, 3, 152641
What are the prime factors of 547650308?
2, 17, 2543, 3167
What are the prime factors of 665063915?
5, 133012783
What are the prime factors of 236419412?
2, 1877, 31489
List the prime factors of 200186187.
3, 89, 749761
What are the prime factors of 2281358544?
2, 3, 29, 1638907
List the prime factors of 53962149.
3, 17987383
List the prime factors of 468780276.
2, 3, 39065023
What are the prime factors of 62701264?
2, 3918829
What are the prime factors of 94170047?
29, 3247243
List the prime factors of 68831702.
2, 41, 101, 8311
What are the prime factors of 24713628?
2, 3, 2059469
What are the prime factors of 506644295?
5, 101328859
List the prime factors of 1948698485.
5, 83, 4695659
What are the prime factors of 535449060?
2, 3, 5, 859, 3463
What are the prime factors of 330553789?
353, 936413
List the prime factors of 4399346791.
7, 241, 2607793
List the prime factors of 203678161.
203678161
List the prime factors of 426999533.
426999533
What are the prime factors of 852684891?
3, 487, 583631
List the prime factors of 2019355932.
2, 3, 11, 23, 239
What are the prime factors of 51709263?
3, 43, 251, 1597
What are the prime factors of 159557454?
2, 3, 7, 53, 23893
List the prime factors of 192336200.
2, 5, 7, 137383
List the prime factors of 287447128.
2, 31, 61, 19001
What are the prime factors of 258518029?
7, 11, 71, 47287
What are the prime factors of 16183894?
2, 1091, 7417
What are the prime factors of 3220044146?
2, 11, 146365643
List the prime factors of 108918493.
83, 283, 4637
What are the prime factors of 3370068919?
7, 101, 4766717
What are the prime factors of 972852939?
3, 108094771
What are the prime factors of 173209923?
3, 17, 1132091
What are the prime factors of 919305196?
2, 19, 59, 205019
List the prime factors of 3117574041.
3, 3181, 326687
List the prime factors of 507928407.
3, 7, 67, 361001
List the prime factors of 88726110.
2, 3, 5, 11, 313, 859
What are the prime factors of 298254468?
2, 3, 2521, 9859
What are the prime factors of 6294712312?
2, 7, 19, 23, 257221
What are the prime factors of 481862380?
2, 5, 4139, 5821
What are the prime factors of 115398734?
2, 11, 5245397
List the prime factors of 45464298.
2, 3, 11, 5693
List the prime factors of 183356481.
3, 7, 11, 97, 167
List the prime factors of 1781744680.
2, 5, 23, 1936679
What are the prime factors of 276104325?
3, 5, 7, 525913
List the prime factors of 1092339415.
5, 1277, 171079
List the prime factors of 1095764946.
2, 3, 182627491
What are the prime factors of 46244366?
2, 7, 19, 173851
List the prime factors of 85410397.
17, 5024141
What are the prime factors of 5066091205?
5, 7, 17, 23, 370193
What are the prime factors of 273121799?
2269, 120371
What are the prime factors of 122724196?
2, 7, 569, 7703
What are the prime factors of 3386925494?
2, 757, 2237071
What are the prime factors of 79483287?
3, 13, 29, 31, 2267
List the prime factors of 239258954.
2, 11, 83, 283, 463
What are the prime factors of 30263701?
13, 43, 54139
List the prime factors of 676552952.
2, 61, 1386379
What are the prime factors of 2182228110?
2, 3, 5, 3533, 6863
What are the prime factors of 480840179?
173, 2779423
List the prime factors of 69837870.
2, 3, 5, 17, 37, 3701
List the prime factors of 11584672.
2, 11, 32911
List the prime factors of 2322859805.
5, 7, 257, 281, 919
List the prime factors of 323726.
2, 13, 12451
List the prime factors of 1112854971.
3, 1409, 263273
List the prime factors of 375505220.
2, 5, 18775261
What are the prime factors of 2074184824?
2, 17, 47, 324497
What are the prime factors of 7795804?
2, 23, 84737
List the prime factors of 389674679.
389674679
List the prime factors of 318071844.
2, 3, 8835329
What are the prime factors of 192385697?
7, 19, 1446509
List the prime factors of 1536349284.
2, 3, 42676369
What are the prime factors of 28209679?
28209679
What are the prime factors of 3489329493?
3, 13, 97, 131, 2347
List the prime factors of 80481329.
79, 337, 3023
List the prime factors of 44736165.
3, 5, 19, 107, 163
List the prime factors of 4625414997.
3, 7, 220257857
What are the prime factors of 6028255?
5, 71, 16981
List the prime factors of 112155397.
89, 223, 5651
What are the prime factors of 408692846?
2, 204346423
List the prime factors of 104830080.
2, 3, 5, 71, 769
List the prime factors of 1952380294.
2, 71, 607, 22651
What are the prime factors of 14128277?
113, 125029
What are the prime factors of 1470204907?
6353, 231419
List the prime factors of 200913690.
2, 3, 5, 331, 20233
What are the prime factors of 3952713548?
2, 7, 277, 509633
What are the prime factors of 4363271?
11, 17, 23333
List the prime factors of 57475885.
5, 151, 269, 283
List the prime factors of 8862705.
3, 5, 23, 8563
What are the prime factors of 34642394?
2, 101, 317, 541
List the prime factors of 15306879.
3, 7, 728899
List the prime factors of 562884160.
2, 5, 197, 8929
List the prime factors of 1347072744.
2, 3, 127, 441953
List the prime factors of 763975616.
2, 373, 32003
What are the prime factors of 372776535?
3, 5, 8283923
What are the prime factors of 157527919?
1471, 107089
What are the prime factors of 60804459?
3, 2252017
What are the prime factors of 8161070?
2, 5, 19, 42953
What are the prime factors of 142573393?
142573393
List the prime factors of 546678833.
546678833
What are the prime factors of 308431720?
2, 5, 1583, 4871
List the prime factors of 95574716.
2, 3533, 6763
What are the prime factors of 2179548591?
3, 11, 107, 263, 2347
List the prime factors of 66952238.
2, 19, 1761901
What are the prime factors of 91239654?
2, 3, 11, 1382419
List the prime factors of 2661370494.
2, 3, 137, 3237677
What are the prime factors